{"id":2100,"date":"2023-07-28T10:33:48","date_gmt":"2023-07-28T10:33:48","guid":{"rendered":"https:\/\/kotulipan.hu\/?page_id=2100"},"modified":"2026-02-25T12:42:46","modified_gmt":"2026-02-25T12:42:46","slug":"2100-2","status":"publish","type":"page","link":"https:\/\/kotulipan.hu\/?page_id=2100","title":{"rendered":"\u00c1rak"},"content":{"rendered":"<section class=\"wpb-content-wrapper\"><p>[vc_row fullwidth=&#8221;yes&#8221;][vc_column]\n\t\t\t<!-- START Fot\u00f3k 1 REVOLUTION SLIDER 6.6.14 --><p class=\"rs-p-wp-fix\"><\/p>\n\t\t\t<rs-module-wrap id=\"rev_slider_11_1_wrapper\" data-source=\"gallery\" style=\"visibility:hidden;background:transparent;padding:0;margin:0px auto;margin-top:0;margin-bottom:0;\">\n\t\t\t\t<rs-module id=\"rev_slider_11_1\" style=\"\" data-version=\"6.6.14\">\n\t\t\t\t\t<rs-slides style=\"overflow: hidden; position: absolute;\">\n\t\t\t\t\t\t<rs-slide style=\"position: absolute;\" data-key=\"rs-12\" data-title=\"Slide\" data-in=\"o:0;\" data-out=\"a:false;\">\n\t\t\t\t\t\t\t<img decoding=\"async\" src=\"\/\/kotulipan.hu\/wp-content\/plugins\/revslider\/public\/assets\/assets\/dummy.png\" alt=\"\" width=\"2560\" height=\"1707\" class=\"rev-slidebg tp-rs-img rs-lazyload\" data-lazyload=\"\/\/kotulipan.hu\/wp-content\/uploads\/2023\/07\/kotulipan-2019-06-24-zaicz-domokos-79-1-scaled.jpg\" data-no-retina>\n<!---->\t\t\t\t\t\t<\/rs-slide>\n\t\t\t\t\t\t<rs-slide style=\"position: absolute;\" data-key=\"rs-13\" data-title=\"Slide\" data-in=\"o:0;\" data-out=\"a:false;\">\n\t\t\t\t\t\t\t<img decoding=\"async\" src=\"\/\/kotulipan.hu\/wp-content\/plugins\/revslider\/public\/assets\/assets\/dummy.png\" alt=\"\" width=\"2560\" height=\"1707\" class=\"rev-slidebg tp-rs-img rs-lazyload\" data-lazyload=\"\/\/kotulipan.hu\/wp-content\/uploads\/2023\/07\/kotulipan-2019-06-24-zaicz-domokos-43-scaled.jpg\" data-no-retina>\n<!---->\t\t\t\t\t\t<\/rs-slide>\n\t\t\t\t\t\t<rs-slide style=\"position: absolute;\" data-key=\"rs-14\" data-title=\"Slide\" data-in=\"o:0;\" data-out=\"a:false;\">\n\t\t\t\t\t\t\t<img decoding=\"async\" src=\"\/\/kotulipan.hu\/wp-content\/plugins\/revslider\/public\/assets\/assets\/dummy.png\" alt=\"\" width=\"2560\" height=\"1707\" class=\"rev-slidebg tp-rs-img rs-lazyload\" data-lazyload=\"\/\/kotulipan.hu\/wp-content\/uploads\/2023\/07\/kotulipan-2019-06-24-zaicz-domokos-16-scaled.jpg\" data-no-retina>\n<!---->\t\t\t\t\t\t<\/rs-slide>\n\t\t\t\t\t\t<rs-slide style=\"position: absolute;\" data-key=\"rs-15\" data-title=\"Slide\" data-in=\"o:0;\" data-out=\"a:false;\">\n\t\t\t\t\t\t\t<img decoding=\"async\" src=\"\/\/kotulipan.hu\/wp-content\/plugins\/revslider\/public\/assets\/assets\/dummy.png\" alt=\"\" width=\"2560\" height=\"1707\" class=\"rev-slidebg tp-rs-img rs-lazyload\" data-lazyload=\"\/\/kotulipan.hu\/wp-content\/uploads\/2023\/07\/kotulipan-2019-06-24-zaicz-domokos-66-scaled.jpg\" data-bg=\"p:center top;\" data-no-retina>\n<!---->\t\t\t\t\t\t<\/rs-slide>\n\t\t\t\t\t<\/rs-slides>\n\t\t\t\t\t<rs-static-layers><!--\n\n\t\t\t\t\t\t\t--><rs-layer\n\t\t\t\t\t\t\t\tid=\"slider-11-slide-10-layer-2\" \n\t\t\t\t\t\t\t\tclass=\"rs-layer-static\"\n\t\t\t\t\t\t\t\tdata-type=\"shape\"\n\t\t\t\t\t\t\t\tdata-rsp_ch=\"on\"\n\t\t\t\t\t\t\t\tdata-xy=\"x:c;y:b;yo:-450px,-450px,-450px,-173px;\"\n\t\t\t\t\t\t\t\tdata-text=\"w:normal;s:20,20,20,7;l:0,0,0,9;\"\n\t\t\t\t\t\t\t\tdata-dim=\"w:150%;h:500px,500px,500px,193px;\"\n\t\t\t\t\t\t\t\tdata-basealign=\"slide\"\n\t\t\t\t\t\t\t\tdata-btrans=\"rZ:2;\"\n\t\t\t\t\t\t\t\tdata-onslides=\"s:1;\"\n\t\t\t\t\t\t\t\tdata-frame_999=\"o:0;st:w;\"\n\t\t\t\t\t\t\t\tstyle=\"z-index:7;background-color:#3c3e39;\"\n\t\t\t\t\t\t\t> \n\t\t\t\t\t\t\t<\/rs-layer><!--\n\n\t\t\t\t\t\t\t--><rs-layer\n\t\t\t\t\t\t\t\tid=\"slider-11-slide-10-layer-3\" \n\t\t\t\t\t\t\t\tclass=\"rs-layer-static\"\n\t\t\t\t\t\t\t\tdata-type=\"shape\"\n\t\t\t\t\t\t\t\tdata-rsp_ch=\"on\"\n\t\t\t\t\t\t\t\tdata-xy=\"x:c;y:b;yo:-450px,-450px,-450px,-173px;\"\n\t\t\t\t\t\t\t\tdata-text=\"w:normal;s:20,20,20,7;l:0,0,0,9;\"\n\t\t\t\t\t\t\t\tdata-dim=\"w:150%;h:500px,500px,500px,193px;\"\n\t\t\t\t\t\t\t\tdata-basealign=\"slide\"\n\t\t\t\t\t\t\t\tdata-btrans=\"rZ:-2;\"\n\t\t\t\t\t\t\t\tdata-onslides=\"s:1;\"\n\t\t\t\t\t\t\t\tdata-frame_999=\"o:0;st:w;\"\n\t\t\t\t\t\t\t\tstyle=\"z-index:6;background-color:#323231;\"\n\t\t\t\t\t\t\t> \n\t\t\t\t\t\t\t<\/rs-layer><!--\n\t\t\t\t\t--><\/rs-static-layers>\n\t\t\t\t<\/rs-module>\n\t\t\t\t<script>\n\t\t\t\t\tsetREVStartSize({c: 'rev_slider_11_1',rl:[1240,1240,1240,480],el:[500,500,500,600],gw:[1240,1240,1240,480],gh:[500,500,500,600],type:'standard',justify:'',layout:'fullwidth',mh:\"0\"});if (window.RS_MODULES!==undefined && window.RS_MODULES.modules!==undefined && window.RS_MODULES.modules[\"revslider111\"]!==undefined) {window.RS_MODULES.modules[\"revslider111\"].once = false;window.revapi11 = undefined;if (window.RS_MODULES.checkMinimal!==undefined) window.RS_MODULES.checkMinimal()}\n\t\t\t\t<\/script>\n\t\t\t<\/rs-module-wrap>\n\t\t\t<!-- END REVOLUTION SLIDER -->\n[\/vc_column][\/vc_row][vc_row css=&#8221;.vc_custom_1690540172684{background-color: #3c3e39 !important;}&#8221;][vc_column][vc_column_text css=&#8221;.vc_custom_1694163429253{margin-top: 10px !important;}&#8221;]<\/p>\n<h2 style=\"text-align: center; font-family: Crimson Pro,serif;\"><span style=\"color: #e1d5c5;\">\u00c1rak<\/span><\/h2>\n<p>[\/vc_column_text][\/vc_column][\/vc_row][vc_row disable_element=&#8221;yes&#8221; css=&#8221;.vc_custom_1690545689971{background-color: #3c3e39 !important;}&#8221;][vc_column width=&#8221;1\/3&#8243;][vc_tta_accordion active_section=&#8221;1&#8243; css=&#8221;.vc_custom_1690540789796{background-color: #d9ccb8 !important;}&#8221;][vc_tta_section i_icon_fontawesome=&#8221;fas fa-info&#8221; add_icon=&#8221;true&#8221; title=&#8221;Inform\u00e1ci\u00f3k&#8221; tab_id=&#8221;1690537576066-abb50fa4-69b0&#8243;][vc_column_text]Nyaral\u00f3 alapter\u00fclete: 110 m<sup>2<\/sup><\/p>\n<ul>\n<li>Nappali (4 f\u0151 r\u00e9sz\u00e9re)\n<ul>\n<li>francia\u00e1gy, kih\u00fazhat\u00f3 kanap\u00e9<\/li>\n<li>kanap\u00e9<\/li>\n<\/ul>\n<\/li>\n<li>Saj\u00e1t f\u00fcrd\u0151szoba<\/li>\n<li>2 x WC (k\u00fcl\u00f6n\u00e1ll\u00f3 helyis\u00e9gben)<\/li>\n<li>Saj\u00e1t Konyha amerikai konyha<\/li>\n<li>Terasz (nyitott) kerti b\u00fatorokkal<\/li>\n<\/ul>\n<p>[\/vc_column_text][\/vc_tta_section][\/vc_tta_accordion][\/vc_column][vc_column width=&#8221;1\/3&#8243;][vc_tta_accordion][vc_tta_section i_icon_fontawesome=&#8221;fas fa-diagnoses&#8221; add_icon=&#8221;true&#8221; title=&#8221;Szolg\u00e1ltat\u00e1sok&#8221; tab_id=&#8221;1690540097979-0e7abb09-414a&#8221;][vc_column_text]<\/p>\n<ul>\n<li class=\"service-list-item \">L\u00e9gkond\u00edcion\u00e1l\u00e1s<\/li>\n<li class=\"service-list-item \">WIFI<\/li>\n<li class=\"service-list-item \">Sz\u00fanyogh\u00e1l\u00f3<\/li>\n<li class=\"service-list-item hidden-element \">Zsalug\u00e1ter<\/li>\n<li class=\"service-list-item hidden-element \">H\u0171t\u0151szekr\u00e9ny<\/li>\n<li class=\"service-list-item hidden-element \">Vasal\u00f3<\/li>\n<li class=\"service-list-item hidden-element \">Hajsz\u00e1r\u00edt\u00f3<\/li>\n<li class=\"service-list-item hidden-element \">Tea-\/k\u00e1v\u00e9f\u0151z\u0151<\/li>\n<li>Kinti grillez\u0151<\/li>\n<li>Szauna: Infra \u00e9s finn<\/li>\n<\/ul>\n<p>[\/vc_column_text][\/vc_tta_section][\/vc_tta_accordion][\/vc_column][vc_column width=&#8221;1\/3&#8243;][vc_tta_accordion][vc_tta_section i_icon_fontawesome=&#8221;fas fa-dollar-sign&#8221; add_icon=&#8221;true&#8221; title=&#8221;\u00c1rak&#8221; tab_id=&#8221;1690540106040-99ca16bb-8cc2&#8243;][vc_column_text]Minimum 3 nap<\/p>\n<p>60.000 Ft\/\u00e9jszaka[\/vc_column_text][\/vc_tta_section][\/vc_tta_accordion][\/vc_column][\/vc_row][vc_row equal_height=&#8221;yes&#8221; css=&#8221;.vc_custom_1695137917922{background-color: #3c3e39 !important;}&#8221;][vc_column]\r\n    <div class=\"contact-det\" style=\"background-color: #b9ae9f;\">\r\n        <p><b>Inform\u00e1ci\u00f3k<\/b><\/p>\r\n        <h6>Nyaral\u00f3 alapter\u00fclete: 110 m2<br \/>\nNappali (4 f\u0151 r\u00e9sz\u00e9re)<br \/>\nFrancia\u00e1gy, kih\u00fazhat\u00f3 kanap\u00e9<br \/>\nKanap\u00e9<br \/>\nSaj\u00e1t f\u00fcrd\u0151szoba<br \/>\n2 x WC (k\u00fcl\u00f6n\u00e1ll\u00f3 helyis\u00e9gben)<br \/>\nSaj\u00e1t Konyha amerikai konyha<br \/>\nSz\u00fanyogh\u00e1l\u00f3<br \/>\nZsalug\u00e1ter<\/h6>\r\n    <\/div>\r\n\r\n\r\n    <div class=\"contact-det\" style=\"background-color: #3c3e39;\">\r\n        <p><b>Szolg\u00e1lat\u00e1sok<\/b><\/p>\r\n        <h6>L\u00e9gkond\u00edcion\u00e1l\u00e1s<br \/>\nWIFI<br \/>\nH\u0171t\u0151szekr\u00e9ny<br \/>\nVasal\u00f3<br \/>\nHajsz\u00e1r\u00edt\u00f3<br \/>\nTea-\/k\u00e1v\u00e9f\u0151z\u0151<br \/>\nKinti grillez\u0151<br \/>\nSzauna: Infra \u00e9s finn<br \/>\nTerasz (nyitott) kerti b\u00fatorokkal<\/h6>\r\n    <\/div>\r\n\r\n\r\n    <div class=\"contact-det\" style=\"background-color: #323231;\">\r\n        <p><b>\u00c1rak<\/b><\/p>\r\n        <h6>Minimum 3 nap<br \/>\n60.000 Ft\/\u00e9jszaka<br \/>\n<br \/>\n<br \/>\n<br \/>\n<br \/>\n<br \/>\n<br \/>\n\\<\/h6>\r\n    <\/div>\r\n\r\n[\/vc_column][\/vc_row]<\/p>\n<\/section>","protected":false},"excerpt":{"rendered":"<p>[vc_row fullwidth=&#8221;yes&#8221;][vc_column][\/vc_column][\/vc_row][vc_row css=&#8221;.vc_custom_1690540172684{background-color: #3c3e39 !important;}&#8221;][vc_column][vc_column_text css=&#8221;.vc_custom_1694163429253{margin-top: 10px !important;}&#8221;] \u00c1rak [\/vc_column_text][\/vc_column][\/vc_row][vc_row disable_element=&#8221;yes&#8221; css=&#8221;.vc_custom_1690545689971{background-color: #3c3e39 !important;}&#8221;][vc_column width=&#8221;1\/3&#8243;][vc_tta_accordion active_section=&#8221;1&#8243; css=&#8221;.vc_custom_1690540789796{background-color: #d9ccb8 !important;}&#8221;][vc_tta_section i_icon_fontawesome=&#8221;fas fa-info&#8221; add_icon=&#8221;true&#8221; title=&#8221;Inform\u00e1ci\u00f3k&#8221; tab_id=&#8221;1690537576066-abb50fa4-69b0&#8243;][vc_column_text]Nyaral\u00f3 alapter\u00fclete: 110 m2 Nappali (4 f\u0151 r\u00e9sz\u00e9re) francia\u00e1gy, kih\u00fazhat\u00f3 kanap\u00e9 kanap\u00e9 Saj\u00e1t f\u00fcrd\u0151szoba 2 x WC (k\u00fcl\u00f6n\u00e1ll\u00f3 helyis\u00e9gben) Saj\u00e1t Konyha amerikai konyha Terasz (nyitott) kerti b\u00fatorokkal [\/vc_column_text][\/vc_tta_section][\/vc_tta_accordion][\/vc_column][vc_column width=&#8221;1\/3&#8243;][vc_tta_accordion][vc_tta_section i_icon_fontawesome=&#8221;fas fa-diagnoses&#8221; add_icon=&#8221;true&#8221; [&hellip;]<\/p>\n","protected":false},"author":1,"featured_media":0,"parent":0,"menu_order":0,"comment_status":"closed","ping_status":"closed","template":"page-templates\/template-canvas.php","meta":{"footnotes":""},"class_list":["post-2100","page","type-page","status-publish","hentry"],"_links":{"self":[{"href":"https:\/\/kotulipan.hu\/index.php?rest_route=\/wp\/v2\/pages\/2100","targetHints":{"allow":["GET"]}}],"collection":[{"href":"https:\/\/kotulipan.hu\/index.php?rest_route=\/wp\/v2\/pages"}],"about":[{"href":"https:\/\/kotulipan.hu\/index.php?rest_route=\/wp\/v2\/types\/page"}],"author":[{"embeddable":true,"href":"https:\/\/kotulipan.hu\/index.php?rest_route=\/wp\/v2\/users\/1"}],"replies":[{"embeddable":true,"href":"https:\/\/kotulipan.hu\/index.php?rest_route=%2Fwp%2Fv2%2Fcomments&post=2100"}],"version-history":[{"count":6,"href":"https:\/\/kotulipan.hu\/index.php?rest_route=\/wp\/v2\/pages\/2100\/revisions"}],"predecessor-version":[{"id":2459,"href":"https:\/\/kotulipan.hu\/index.php?rest_route=\/wp\/v2\/pages\/2100\/revisions\/2459"}],"wp:attachment":[{"href":"https:\/\/kotulipan.hu\/index.php?rest_route=%2Fwp%2Fv2%2Fmedia&parent=2100"}],"curies":[{"name":"wp","href":"https:\/\/api.w.org\/{rel}","templated":true}]}}